21/9 - (-5)/u. Let n be 608/20 - o/5. Calculate the greatest common factor of n and 10.
10
Suppose 4*j + 85 = 3*m, -4*j = 6 - 14. Let u = -28 + m. Suppose -u*c + 17 = -4. Calculate the greatest common divisor of c and 21.
7
Suppose -8 = 3*l - 4*l. Suppose -l*r = -4*r - 8. Calculate the greatest common divisor of r and 58.
2
Let p(z) = -4*z - 16. Let f be p(-5). Suppose -9*g + 25 = -f*g. Suppose -2*r - r + 6 = 0. Calculate the highest common divisor of r and g.
1
Let s = 234 + -216. Suppose -11*l + 5*l + s = 0. What is the highest common divisor of 69 and l?
3
Suppose 3*u = -2*t + 622 - 614, 5*t = -3*u + 2. Suppose 0*o = 2*o - 40. Calculate the highest common divisor of u and o.
4
Let z be -3 + 3 + (-6)/(-2). Let t(a) = a + 11. Let u be t(-15). Let s be -24*u/24*3. Calculate the highest common divisor of z and s.
3
Let p(t) = 5*t**2 - 5*t. Let n be p(1). Let b be 46 + (n + -2 - 3). What is the highest common factor of b and 41?
41
Let i be 1/((77/3355)/7). What is the greatest common factor of 427 and i?
61
Suppose 13*c - 1504 + 3884 = 33*c. What is the highest common divisor of 32368 and c?
119
Let t(w) = -w**3 - 7*w**2 - 6*w + 12. Let n be t(-6). Let r = -445 - -754. Let g = r + -301. What is the highest common factor of g and n?
4
Let u be (-2)/(-13) + (-25470)/(-65). Calculate the highest common divisor of u and 686.
98
Suppose -6 = 5*m - 4*y, -5*y = -7 - 13. Suppose 0 = 2*u + 5*w - 143, 0 = m*u - 4*w + w - 183. What is the greatest common factor of 63 and u?
21
Suppose 0 = 59*a - 9043 + 1373. What is the highest common factor of a and 1885?
65
Let i(n) be the first derivative of -n**4/4 - 43*n**3/3 - 43*n**2/2 + 96*n - 105. Let z be i(-42). Calculate the highest common factor of z and 6.
6
Suppose -29*f + 1848 = -28*f - 3*q, 0 = 3*f - 4*q - 5514. Calculate the highest common divisor of f and 4.
2
Let w(m) = -5*m**2 - 5*m - 19. Let b be w(-6). Let n = -133 - b. Let z be 710/30 + (-1)/(-3). What is the greatest common factor of z and n?
12
Let f(k) = 7*k**3 + 2*k**2 + 2. Let i be f(2). Let y be 35*9/15*(-44)/(-6). What is the greatest common factor of i and y?
22
Suppose 101*g - 5500 = 18*g - 167*g. What is the greatest common factor of 30635 and g?
11
Let o be 18 - (-5 + 25) - -11. Calculate the highest common divisor of 20637 and o.
9
Let v(s) = -34*s. Let l be v(-2). Let b = 362 + -334. Let i be (-32)/56 + 492/b. Calculate the greatest common divisor of i and l.
17
Let n = -327 - -483. Let h(a) = a**2 - 12*a + 20. Let g be h(12). Let u be 1/(4/g) + 47. Calculate the highest common divisor of u and n.
52
Let r be (-31 - 1400/(-30))/(1/33). Calculate the highest common factor of r and 165.
11
Suppose -4*m = 5*b - 1444 - 176, 0 = m + 5. Suppose 5*r + 170 = 5*u, -3*r - u = u + 97. Let p = r + 74. What is the highest common divisor of p and b?
41
Let p = 333 - 301. Let i be 3*p/(-24)*-16. Calculate the greatest common divisor of 112 and i.
16
Let l be (354/(-9) + 2)*(1 - 16). Calculate the greatest common factor of 455 and l.
35
Suppose -2*q - k + 180 = 0, -21 + 13 = 4*k. Calculate the highest common factor of q and 5369.
91
Let j be -67 + (-1)/(-2)*-2. Let o = 156 + j. Let s(w) = 2*w**3 - 59*w**2 + 199*w - 431. Let x be s(26). Calculate the highest common factor of o and x.
11
Let v = -8993 + 9401. Suppose -4*p - 15 = -9*p, -2*p - 114 = -5*l. Calculate the greatest common factor of v and l.
24
Let l(b) = 85*b + 7823. Let p be l(-80). What is the greatest common factor of 660 and p?
33
Let s be ((-1735240)/(-780))/((-6)/(-9)). What is the greatest common factor of s and 355?
71
Let s(u) = 175*u + 8. Let j be (-4)/(-40) - 261/(-90). Let d be s(j). What is the highest common factor of d and 13?
13
Let k = 167 - -73. Let c = 264 - k. Let x be 2 - (0 - (-116)/(-2)). Calculate the greatest common divisor of c and x.
12
Suppose 0 = 27*j - 1807 + 1294. Calculate the greatest common factor of j and 48469.
19
Let j = 48 + 3. Suppose 5*m = -z + 248, 0*m - 1284 = -5*z - 3*m. Suppose 241*d + 289 = z*d. Calculate the highest common factor of d and j.
17
Suppose 0*s - 16 = -s. Let t = -1709 + 1781. What is the greatest common factor of s and t?
8
Suppose -2*t - 23 - 25 = 5*m, -4*m = 2*t + 40. Let b = m + 96. Calculate the greatest common divisor of 8 and b.
8
Let r = 28648 - 28252. What is the highest common factor of 384 and r?
12
Suppose 36 = -2*r + 11*r. Let m = -43 - -23. Let o = -16 - m. What is the highest common divisor of o and r?
4
Suppose -5*b - 152 = -3*h - 486, 0 = 5*h + 4*b + 532. Let g be (44/(-2) + 0)*h/24. What is the highest common factor of g and 11?
11
Let t be (-17)/((-425)/740)*40. Let o = 1014 - 982. Calculate the highest common factor of o and t.
32
Let i = 11 + -6. Suppose i*s - 1 = -3*w, 2*s = 2*w + 2 - 8. Suppose -2*o - 74 = -w*l - 7*o, 4*l - o - 170 = 0. What is the greatest common divisor of l and 14?
14
Let i(z) = -4*z - 32. Let a be i(-38). Calculate the highest common divisor of 552 and a.
24
Let c = 19 + -11. Suppose 7*r - 18216 = -26*r. Calculate the greatest common divisor of r and c.
8
Let z(s) = 208*s + 2313. Let b be z(-11). Calculate the greatest common factor of 1825 and b.
25
Let k = 4793 - 4718. Suppose 4*q - 2*q + 3*s = 77, -4*q - 4*s = -160. Suppose 47 = 3*g - q. Calculate the greatest common divisor of k and g.
15
Let s(o) = -5*o**2 - 15*o + 128. Let x(b) = -21*b**2 - 64*b + 511. Let c(u) = -9*s(u) + 2*x(u). Let p be c(7). What is the greatest common factor of p and 1056?
66
Let b = 41606 - 41570. Let o be 3 + -1 + -1 + -1. Suppose 0 = -0*k + 4*k - 4*g - 112, o = 5*k - 3*g - 132. Calculate the highest common factor of k and b.
12
Suppose 764 = -58*x + 4592. What is the greatest common factor of x and 318?
6
Let b be ((-60)/240)/(2/(-240)). What is the highest common divisor of b and 5790?
30
Let z be 9/(-12) + ((-92205)/(-36))/((-5)/(-15)). What is the highest common factor of z and 39?
39
Suppose 4*n = 3*n + 2. Suppose -n*u - 5*o + 477 = 0, -3*o = -2*u - u + 684. Let j = -38 - -71. Calculate the highest common divisor of j and u.
33
Let a = -158 - -249. Let o(h) = 602*h + 6072. Let l be o(-10). Calculate the highest common divisor of a and l.
13
Let i be ((-255)/6)/((-2)/12). Let l = i - 205. Suppose -j - 14 = -34. What is the greatest common factor of j and l?
10
Let t be 91/52 + 3405/20. What is the highest common factor of 8 and t?
4
Let a be 2232/21 + -2 - 44/154. Suppose a = 6*d - 5*d + 2*b, 106 = d + 3*b. Calculate the greatest common divisor of 12 and d.
4
Let w be (-7 - (-11)/3)/((-2)/3). Suppose 0 = -4*g + 4, -w*r + g + 14 + 65 = 0. What is the highest common divisor of r and 112?
16
Suppose -4*m = -4*i - 3228, 9*m = 2*m - 3*i + 5619. What is the greatest common divisor of 660 and m?
12
Let h be ((-5)/(-2) + -4)/(1/10). Let g be (h/9 - 5)*-3. Suppose 4*k + 200 = 8*k. Calculate the highest common factor of k and g.
10
Suppose -2*u - 3*w + 4490 = 0, 24*w - 27*w = 18. What is the greatest common divisor of u and 966?
322
Suppose 45*i + 43*i - 2349 = 7*i. What is the highest common factor of i and 10237?
29
Suppose -7*u + 43 + 27 = 0. Let s be u/85 - 16051/(-119). Suppose 3*g + 2*g - 135 = 0. What is the highest common divisor of s and g?
27
Let d(o) = -o**2 - 68*o + 69. Let k be d(-66). What is the highest common divisor of k and 1273?
67
Suppose 2864*g - 2888*g = -336. Let h = 509 - 174. Suppose -3*l = -5*j + 2*l + h, 5*j + l = 353. Calculate the greatest common factor of j and g.
14
Suppose 47475*y - 1122 = 47458*y. What is the greatest common factor of y and 825?
33
Suppose 3985 = m - 5*t + 244, -2*m - 5*t + 7572 = 0. What is the highest common factor of m and 9?
9
Let j = -2306 - -2369. Let m be (-2 + 5 - 4) + 1*10. What is the greatest common factor of j and m?
9
Let g(h) = -2*h**2 - 4*h. Let z be g(0). Suppose z = -39*d + 20*d + 1140. Calculate the highest common factor of 6 and d.
6
Suppose 311*l = -2*f + 312*l + 121, -4*l - 100 = -2*f. What is the highest common factor of 4112 and f?
16
Let d = -2052 - -4799. Calculate the greatest common factor of d and 67.
67
Let x be 0 - 10/30*-45. What is the highest common factor of x and 1300?
5
Suppose 0 = -4*u + 5*k + 840, 3*u - 630 = -46*k + 45*k. Suppose -4*f + 180 + 324 = 0. Calculate the greatest common factor of f and u.
42
Suppose 5*g - 1011 = 2*b